{"id":1152,"date":"2021-02-22T17:40:35","date_gmt":"2021-02-22T16:40:35","guid":{"rendered":"http:\/\/fpsytqd.cluster030.hosting.ovh.net\/?page_id=1152"},"modified":"2021-04-09T09:04:36","modified_gmt":"2021-04-09T07:04:36","slug":"denis-peschanski-4","status":"publish","type":"page","link":"https:\/\/consciencesansfrontieres.org\/index.php\/conscience-sans-frontieres-accueil\/nos-actions\/evenements\/programme-intervenants\/denis-peschanski-4\/","title":{"rendered":"Denis Peschanski"},"content":{"rendered":"<div class=\"fusion-fullwidth fullwidth-box fusion-builder-row-1 fusion-flex-container nonhundred-percent-fullwidth non-hundred-percent-height-scrolling\" style=\"background-color: #ffffff;background-position: center center;background-repeat: no-repeat;border-width: 1 1 1 1;border-color:#607d8b;border-style:solid;\" ><div class=\"fusion-builder-row fusion-row fusion-flex-align-items-flex-start\" style=\"max-width:1248px;margin-left: calc(-4% \/ 2 );margin-right: calc(-4% \/ 2 );\"><div class=\"fusion-layout-column fusion_builder_column fusion-builder-column-0 fusion_builder_column_1_1 1_1 fusion-flex-column\"><div class=\"fusion-column-wrapper fusion-flex-justify-content-flex-start fusion-content-layout-column\" style=\"background-position:left top;background-repeat:no-repeat;-webkit-background-size:cover;-moz-background-size:cover;-o-background-size:cover;background-size:cover;padding: 0px 0px 0px 0px;\"><div style=\"text-align:center;\"><span class=\" fusion-imageframe imageframe-none imageframe-1 hover-type-none\" style=\"max-width:300px;\"><img decoding=\"async\" width=\"347\" height=\"347\" title=\"denis-peschanski\" src=\"https:\/\/consciencesansfrontieres.org\/wp-content\/uploads\/2021\/02\/denis-peschanski.jpeg\" data-orig-src=\"http:\/\/fpsytqd.cluster030.hosting.ovh.net\/wp-content\/uploads\/2021\/02\/denis-peschanski.jpeg\" alt class=\"lazyload img-responsive wp-image-976\" srcset=\"data:image\/svg+xml,%3Csvg%20xmlns%3D%27http%3A%2F%2Fwww.w3.org%2F2000%2Fsvg%27%20width%3D%27347%27%20height%3D%27347%27%20viewBox%3D%270%200%20347%20347%27%3E%3Crect%20width%3D%27347%27%20height%3D%27347%27%20fill-opacity%3D%220%22%2F%3E%3C%2Fsvg%3E\" data-srcset=\"https:\/\/consciencesansfrontieres.org\/wp-content\/uploads\/2021\/02\/denis-peschanski-200x200.jpeg 200w, https:\/\/consciencesansfrontieres.org\/wp-content\/uploads\/2021\/02\/denis-peschanski.jpeg 347w\" data-sizes=\"auto\" data-orig-sizes=\"(max-width: 1200px) 100vw, (max-width: 640px) 100vw, 347px\" \/><\/span><\/div><style type=\"text\/css\">@media only screen and (max-width:1200px) {.fusion-title.fusion-title-1{margin-top:10px!important; margin-right:0px!important;margin-bottom:15px!important;margin-left:0px!important;}}@media only screen and (max-width:640px) {.fusion-title.fusion-title-1{margin-top:10px!important; margin-right:0px!important;margin-bottom:10px!important; margin-left:0px!important;}}<\/style><div class=\"fusion-title title fusion-title-1 fusion-sep-none fusion-title-text fusion-title-size-five\" style=\"margin-top:10px;margin-right:0px;margin-bottom:15px;margin-left:0px;\"><h5 class=\"title-heading-left fusion-responsive-typography-calculated\" style=\"margin:0;color:#762633;--fontSize:24;line-height:1.4;\"><div style=\"text-align: center;\"><b style=\"font-family: var(--h5_typography-font-family); font-size: var(--h5_typography-font-size); font-style: var(--h5_typography-font-style,normal); letter-spacing: var(--h5_typography-letter-spacing);\">Denis Peschanski<\/b><\/div><\/h5><\/div><style type=\"text\/css\">@media only screen and (max-width:1200px) {.fusion-title.fusion-title-2{margin-top:10px!important; margin-right:0px!important;margin-bottom:15px!important;margin-left:0px!important;}}@media only screen and (max-width:640px) {.fusion-title.fusion-title-2{margin-top:10px!important; margin-right:0px!important;margin-bottom:10px!important; margin-left:0px!important;}}<\/style><div class=\"fusion-title title fusion-title-2 fusion-sep-none fusion-title-text fusion-title-size-six\" style=\"margin-top:10px;margin-right:0px;margin-bottom:15px;margin-left:0px;\"><h6 class=\"title-heading-left fusion-responsive-typography-calculated\" style=\"margin:0;color:#762633;--fontSize:18;--minFontSize:18px;line-height:1.5;\"><div style=\"text-align: center;\">HISTORIEN, DIRECTEUR DE RECHERCHE<\/div><\/h6><\/div><div class=\"fusion-separator\" style=\"align-self: center;margin-left: auto;margin-right: auto;margin-bottom:30px;width:100%;max-width:150px;\"><div class=\"fusion-separator-border sep-single\" style=\"border-color:#e0dede;border-top-width:3px;\"><\/div><\/div><div class=\"fusion-text fusion-text-1\"><p>Directeur de recherche au CNRS, Denis Peschanski est affect\u00e9 au Centre Europ\u00e9en de Sociologie et de Science Politique apr\u00e8s avoir \u00e9t\u00e9 une quinzaine d\u2019ann\u00e9es au Centre d\u2019histoire sociale du XXe si\u00e8cle, et un m\u00eame temps \u00e0 l\u2019Institut d\u2019histoire du temps pr\u00e9sent avec la t\u00e2che, en particulier, d\u2019animer un r\u00e9seau d\u2019une soixantaine de correspondants d\u00e9partementaux r\u00e9partis dans toute la France. Sp\u00e9cialiste de la France des ann\u00e9es noires, il a publi\u00e9 plusieurs ouvrages.<\/p>\n<p>Par ailleurs, il a \u00e9t\u00e9 de 1995 \u00e0 2000, secr\u00e9taire scientifique de la section 33 du Comit\u00e9 national de la recherche scientifique (Formation du monde moderne). En 1998, il a mis sur pied une coordination des secr\u00e9taires scientifiques et, \u00e0 ce titre, a fait partie du bureau de la Conf\u00e9rence des pr\u00e9sidents de section du CN, structure qui a \u00e9t\u00e9 officialis\u00e9e par voie de r\u00e8glement int\u00e9rieur. De l\u2019\u00e9t\u00e9 2001 \u00e0 l\u2019\u00e9t\u00e9 2005, il a \u00e9t\u00e9 membre du conseil scientifique du CNRS (secr\u00e9taire scientifique et membre du bureau).<\/p>\n<p>De f\u00e9vrier 2006 \u00e0 septembre 2008, D. Peschanski a \u00e9t\u00e9 directeur scientifique adjoint au CNRS, d\u00e9partement des sciences humaines et sociales.<\/p>\n<p>En avril 2009, le projet qu\u2019il copilote avec Ed Berenson (New York University) \u00ab Memory and Memorialization \u00bb a \u00e9t\u00e9 retenu pour 3 ans par la Fondation Face et l\u2019Ambassade de France aux \u00c9tats-Unis. Le projet associe NYU et le CNRS ; le m\u00e9morial de Caen et la US Fondation for Museum and Memorial 9\/11.<\/p>\n<p>En f\u00e9vrier 2011 le projet qu\u2019il anime, MATRICE (entre m\u00e9moire individuelle et m\u00e9moire collective), a \u00e9t\u00e9 retenu comme \u00e9quipement d\u2019excellence (Equipex, 2011- 2021).<\/p>\n<p>En avril 2016, le projet qu\u2019il codirige avec Francis Eustache (neuropsychologue) sur la m\u00e9moire du 13 Novembre a \u00e9t\u00e9 retenu par les Investissements d\u2019avenir et l\u2019\u00e9quipe MATRICE a \u00e9t\u00e9 abond\u00e9 pour mener ce programme transdisciplinaire port\u00e9 scientifiquement par le CNRS et l\u2019INSERM et administrativement par heSam Universit\u00e9.<\/p>\n<p>Consultant historique de deux fondations, la Fondation pour la M\u00e9moire de la D\u00e9portation et Fondation pour la M\u00e9moire de la Shoah, il pr\u00e9side le conseil scientifique du M\u00e9morial du camp de Rivesaltes ainsi que le le conseil scientifique du M\u00e9morial de Caen (depuis 2006) et est membre du conseil scientifique du m\u00e9morial de la Shoah (depuis 2009), du conseil scientifique de Yahad-in-Unum (depuis 2012), du conseil scientifique de l\u2019OSE (depuis 2017) et du conseil scientifique de l\u2019ECPAD (depuis 2017).<\/p>\n<\/div><style type=\"text\/css\">@media only screen and (max-width:1200px) {.fusion-title.fusion-title-3{margin-top:10px!important; margin-right:0px!important;margin-bottom:15px!important;margin-left:0px!important;}}@media only screen and (max-width:640px) {.fusion-title.fusion-title-3{margin-top:10px!important; margin-right:0px!important;margin-bottom:10px!important; margin-left:0px!important;}}<\/style><div class=\"fusion-title title fusion-title-3 fusion-sep-none fusion-title-text fusion-title-size-two\" style=\"font-size:50px;margin-top:10px;margin-right:0px;margin-bottom:15px;margin-left:0px;\"><h2 class=\"title-heading-left fusion-responsive-typography-calculated\" style=\"margin:0;font-size:1em;color:#222266;--fontSize:50;line-height:1.2;\"><\/h2><\/div><\/div><style type=\"text\/css\">.fusion-body .fusion-builder-column-0{width:100% !important;margin-top : 0px;margin-bottom : 20px;}.fusion-builder-column-0 > .fusion-column-wrapper {padding-top : 0px !important;padding-right : 0px !important;margin-right : 1.92%;padding-bottom : 0px !important;padding-left : 0px !important;margin-left : 1.92%;}@media only screen and (max-width:1200px) {.fusion-body .fusion-builder-column-0{width:100% !important;order : 0;}.fusion-builder-column-0 > .fusion-column-wrapper {margin-right : 1.92%;margin-left : 1.92%;}}@media only screen and (max-width:640px) {.fusion-body .fusion-builder-column-0{width:100% !important;order : 0;}.fusion-builder-column-0 > .fusion-column-wrapper {margin-right : 1.92%;margin-left : 1.92%;}}<\/style><\/div><\/div><style type=\"text\/css\">.fusion-body .fusion-flex-container.fusion-builder-row-1{ padding-top : 30px;margin-top : 0px;padding-right : 30px;padding-bottom : 30px;margin-bottom : 0px;padding-left : 30px;}<\/style><\/div>\n","protected":false},"excerpt":{"rendered":"","protected":false},"author":1,"featured_media":0,"parent":951,"menu_order":0,"comment_status":"closed","ping_status":"closed","template":"","meta":[],"_links":{"self":[{"href":"https:\/\/consciencesansfrontieres.org\/index.php\/wp-json\/wp\/v2\/pages\/1152"}],"collection":[{"href":"https:\/\/consciencesansfrontieres.org\/index.php\/wp-json\/wp\/v2\/pages"}],"about":[{"href":"https:\/\/consciencesansfrontieres.org\/index.php\/wp-json\/wp\/v2\/types\/page"}],"author":[{"embeddable":true,"href":"https:\/\/consciencesansfrontieres.org\/index.php\/wp-json\/wp\/v2\/users\/1"}],"replies":[{"embeddable":true,"href":"https:\/\/consciencesansfrontieres.org\/index.php\/wp-json\/wp\/v2\/comments?post=1152"}],"version-history":[{"count":2,"href":"https:\/\/consciencesansfrontieres.org\/index.php\/wp-json\/wp\/v2\/pages\/1152\/revisions"}],"predecessor-version":[{"id":1993,"href":"https:\/\/consciencesansfrontieres.org\/index.php\/wp-json\/wp\/v2\/pages\/1152\/revisions\/1993"}],"up":[{"embeddable":true,"href":"https:\/\/consciencesansfrontieres.org\/index.php\/wp-json\/wp\/v2\/pages\/951"}],"wp:attachment":[{"href":"https:\/\/consciencesansfrontieres.org\/index.php\/wp-json\/wp\/v2\/media?parent=1152"}],"curies":[{"name":"wp","href":"https:\/\/api.w.org\/{rel}","templated":true}]}}

<div class="fusion-fullwidth fullwidth-box fusion-builder-row-1 fusion-flex-container nonhundred-percent-fullwidth non-hundred-percent-height-scrolling" style="background-color: #ffffff;background-position: center center;background-repeat: no-repeat;border-width: 1 1 1 1;border-color:#607d8b;border-style:solid;" ><div class="fusion-builder-row fusion-row fusion-flex-align-items-flex-start" style="max-width:1248px;margin-left: calc(-4% / 2 );margin-right: calc(-4% / 2 );"><div class="fusion-layout-column fusion_builder_column fusion-builder-column-0 fusion_builder_column_1_1 1_1 fusion-flex-column"><div class="fusion-column-wrapper fusion-flex-justify-content-flex-start fusion-content-layout-column" style="background-position:left top;background-repeat:no-repeat;-webkit-background-size:cover;-moz-background-size:cover;-o-background-size:cover;background-size:cover;padding: 0px 0px 0px 0px;"><div style="text-align:center;"><span class=" fusion-imageframe imageframe-none imageframe-1 hover-type-none" style="max-width:300px;"><img decoding="async" width="347" height="347" title="denis-peschanski" src="https://consciencesansfrontieres.org/wp-content/uploads/2021/02/denis-peschanski.jpeg" data-orig-src="http://fpsytqd.cluster030.hosting.ovh.net/wp-content/uploads/2021/02/denis-peschanski.jpeg" alt class="lazyload img-responsive wp-image-976" srcset="data:image/svg+xml,%3Csvg%20xmlns%3D%27http%3A%2F%2Fwww.w3.org%2F2000%2Fsvg%27%20width%3D%27347%27%20height%3D%27347%27%20viewBox%3D%270%200%20347%20347%27%3E%3Crect%20width%3D%27347%27%20height%3D%27347%27%20fill-opacity%3D%220%22%2F%3E%3C%2Fsvg%3E" data-srcset="https://consciencesansfrontieres.org/wp-content/uploads/2021/02/denis-peschanski-200x200.jpeg 200w, https://consciencesansfrontieres.org/wp-content/uploads/2021/02/denis-peschanski.jpeg 347w" data-sizes="auto" data-orig-sizes="(max-width: 1200px) 100vw, (max-width: 640px) 100vw, 347px" /></span></div><style type="text/css">@media only screen and (max-width:1200px) {.fusion-title.fusion-title-1{margin-top:10px!important; margin-right:0px!important;margin-bottom:15px!important;margin-left:0px!important;}}@media only screen and (max-width:640px) {.fusion-title.fusion-title-1{margin-top:10px!important; margin-right:0px!important;margin-bottom:10px!important; margin-left:0px!important;}}</style><div class="fusion-title title fusion-title-1 fusion-sep-none fusion-title-text fusion-title-size-five" style="margin-top:10px;margin-right:0px;margin-bottom:15px;margin-left:0px;"><h5 class="title-heading-left fusion-responsive-typography-calculated" style="margin:0;color:#762633;--fontSize:24;line-height:1.4;"><div style="text-align: center;"><b style="font-family: var(--h5_typography-font-family); font-size: var(--h5_typography-font-size); font-style: var(--h5_typography-font-style,normal); letter-spacing: var(--h5_typography-letter-spacing);">Denis Peschanski</b></div></h5></div><style type="text/css">@media only screen and (max-width:1200px) {.fusion-title.fusion-title-2{margin-top:10px!important; margin-right:0px!important;margin-bottom:15px!important;margin-left:0px!important;}}@media only screen and (max-width:640px) {.fusion-title.fusion-title-2{margin-top:10px!important; margin-right:0px!important;margin-bottom:10px!important; margin-left:0px!important;}}</style><div class="fusion-title title fusion-title-2 fusion-sep-none fusion-title-text fusion-title-size-six" style="margin-top:10px;margin-right:0px;margin-bottom:15px;margin-left:0px;"><h6 class="title-heading-left fusion-responsive-typography-calculated" style="margin:0;color:#762633;--fontSize:18;--minFontSize:18px;line-height:1.5;"><div style="text-align: center;">HISTORIEN, DIRECTEUR DE RECHERCHE</div></h6></div><div class="fusion-separator" style="align-self: center;margin-left: auto;margin-right: auto;margin-bottom:30px;width:100%;max-width:150px;"><div class="fusion-separator-border sep-single" style="border-color:#e0dede;border-top-width:3px;"></div></div><div class="fusion-text fusion-text-1"><p>Directeur de recherche au CNRS, Denis Peschanski est affecté au Centre Européen de Sociologie et de Science Politique après avoir été une quinzaine d’années au Centre d’histoire sociale du XXe siècle, et un même temps à l’Institut d’histoire du temps présent avec la tâche, en particulier, d’animer un réseau d’une soixantaine de correspondants départementaux répartis dans toute la France. Spécialiste de la France des années noires, il a publié plusieurs ouvrages.</p>
<p>Par ailleurs, il a été de 1995 à 2000, secrétaire scientifique de la section 33 du Comité national de la recherche scientifique (Formation du monde moderne). En 1998, il a mis sur pied une coordination des secrétaires scientifiques et, à ce titre, a fait partie du bureau de la Conférence des présidents de section du CN, structure qui a été officialisée par voie de règlement intérieur. De l’été 2001 à l’été 2005, il a été membre du conseil scientifique du CNRS (secrétaire scientifique et membre du bureau).</p>
<p>De février 2006 à septembre 2008, D. Peschanski a été directeur scientifique adjoint au CNRS, département des sciences humaines et sociales.</p>
<p>En avril 2009, le projet qu’il copilote avec Ed Berenson (New York University) « Memory and Memorialization » a été retenu pour 3 ans par la Fondation Face et l’Ambassade de France aux États-Unis. Le projet associe NYU et le CNRS ; le mémorial de Caen et la US Fondation for Museum and Memorial 9/11.</p>
<p>En février 2011 le projet qu’il anime, MATRICE (entre mémoire individuelle et mémoire collective), a été retenu comme équipement d’excellence (Equipex, 2011- 2021).</p>
<p>En avril 2016, le projet qu’il codirige avec Francis Eustache (neuropsychologue) sur la mémoire du 13 Novembre a été retenu par les Investissements d’avenir et l’équipe MATRICE a été abondé pour mener ce programme transdisciplinaire porté scientifiquement par le CNRS et l’INSERM et administrativement par heSam Université.</p>
<p>Consultant historique de deux fondations, la Fondation pour la Mémoire de la Déportation et Fondation pour la Mémoire de la Shoah, il préside le conseil scientifique du Mémorial du camp de Rivesaltes ainsi que le le conseil scientifique du Mémorial de Caen (depuis 2006) et est membre du conseil scientifique du mémorial de la Shoah (depuis 2009), du conseil scientifique de Yahad-in-Unum (depuis 2012), du conseil scientifique de l’OSE (depuis 2017) et du conseil scientifique de l’ECPAD (depuis 2017).</p>
</div><style type="text/css">@media only screen and (max-width:1200px) {.fusion-title.fusion-title-3{margin-top:10px!important; margin-right:0px!important;margin-bottom:15px!important;margin-left:0px!important;}}@media only screen and (max-width:640px) {.fusion-title.fusion-title-3{margin-top:10px!important; margin-right:0px!important;margin-bottom:10px!important; margin-left:0px!important;}}</style><div class="fusion-title title fusion-title-3 fusion-sep-none fusion-title-text fusion-title-size-two" style="font-size:50px;margin-top:10px;margin-right:0px;margin-bottom:15px;margin-left:0px;"><h2 class="title-heading-left fusion-responsive-typography-calculated" style="margin:0;font-size:1em;color:#222266;--fontSize:50;line-height:1.2;"></h2></div></div><style type="text/css">.fusion-body .fusion-builder-column-0{width:100% !important;margin-top : 0px;margin-bottom : 20px;}.fusion-builder-column-0 > .fusion-column-wrapper {padding-top : 0px !important;padding-right : 0px !important;margin-right : 1.92%;padding-bottom : 0px !important;padding-left : 0px !important;margin-left : 1.92%;}@media only screen and (max-width:1200px) {.fusion-body .fusion-builder-column-0{width:100% !important;order : 0;}.fusion-builder-column-0 > .fusion-column-wrapper {margin-right : 1.92%;margin-left : 1.92%;}}@media only screen and (max-width:640px) {.fusion-body .fusion-builder-column-0{width:100% !important;order : 0;}.fusion-builder-column-0 > .fusion-column-wrapper {margin-right : 1.92%;margin-left : 1.92%;}}</style></div></div><style type="text/css">.fusion-body .fusion-flex-container.fusion-builder-row-1{ padding-top : 30px;margin-top : 0px;padding-right : 30px;padding-bottom : 30px;margin-bottom : 0px;padding-left : 30px;}</style></div>
